etermine t(q).
-8
Suppose -3*q + 4 = 1. Let f(s) be the second derivative of s**5/10 + s**3/3 - s**2/2 - 401*s. What is f(q)?
3
Let z = -343 + 346. Let k(g) = -g**3 + 2*g**2 + 3*g - 2. What is k(z)?
-2
Let a(n) = -2*n - 5. Suppose 3*r - 6*r + 15 = 0. Suppose -2*s + 3 = -r. Calculate a(s).
-13
Let q(v) = -7*v + 3 - 4 + v**2 + 0 - 5. Determine q(8).
2
Suppose 2 + 0 = p. Let w(i) = -i - 12. Let r be w(-17). Suppose 12 = -r*d + p*d. Let u(q) = q**2 + 5*q - 1. Give u(d).
-5
Let f(s) = 2*s**3 + 2*s**2 - 3*s - 3. Let m be f(-2). Let g(h) be the first derivative of -h**4/4 - 7*h**3/3 - 3*h**2 + 7*h - 867. Calculate g(m).
-13
Let g(c) be the second derivative of c**5/20 - 3*c**4/4 + 5*c**3/3 - 8*c**2 + 443*c. Calculate g(8).
0
Let h be (4/(-12))/(2/18). Let f(k) = -2*k - k**2 + 0*k + 0*k + 3. Give f(h).
0
Suppose 39*z + 135 = 12*z. Let f(t) = -t**2 - t + 7. Give f(z).
-13
Let n(g) = 2*g - 13. Let t be (-162)/(-12)*(-8)/(-12). Give n(t).
5
Suppose 6 = 7*a - 5*a. Let u = -2 - -2. Let r(l) = a*l - 2*l - 3 + u*l. Calculate r(-6).
-9
Suppose -2*y + 15 = 9. Let v(b) = -8*b**2 + 2*b**3 - 4 - 3*b**3 + y*b**2 - 5*b. Determine v(-3).
-7
Let w(o) = -18*o + 39. Let x be w(2). Let u(d) be the third derivative of -d**6/120 + d**5/60 + d**4/8 - d**3/6 + d**2. What is u(x)?
-10
Let w(j) = -6 + 13*j + j + j**3 - j + 13*j**2 - j. Give w(-12).
-6
Let x(p) = -2*p + 2 - 4 + 0*p. Let d(b) = -b**3 - 7*b**2 - b - 10. Suppose 3*i + 16 = -5. Let u be d(i). What is x(u)?
4
Let f(n) = 7*n**3 - n**2 - n. Let r be (3 + -1 - 0) + 1*-3. Give f(r).
-7
Let m(i) be the second derivative of -i**5/20 - 5*i**4/12 + i**3 - i**2 - i. Let w be (-7 - -6)*5 + (-4 - -3). Determine m(w).
-2
Suppose -12*a = -262 - 194. Let q be a/(-114)*18/(2/1). Let g(u) = -3 - u - 2*u + 3*u**3 - 2*u**3 + 3*u**2. Calculate g(q).
6
Suppose -4*c - 10 = 3*g, -4*g - 29 + 17 = 4*c. Let o(a) = 5*a**3 + a**2 + a. Determine o(c).
-5
Let h(c) be the first derivative of c**2/2 + 11*c - 384. Calculate h(-6).
5
Let k = 166 - 162. Let h(r) = 7*r + 1. Let w(d) = d. Let z(q) = h(q) - 6*w(q). Determine z(k).
5
Suppose 2 = 2*s + 4. Let r(x) = -7*x**2 + 6*x + 1 + 1 + x - 5*x**2. Let l(h) = 6*h**2 - 4*h - 1. Let w(d) = -5*l(d) - 3*r(d). Calculate w(s).
6
Let p(y) = y - 7. Let j(h) be the second derivative of h**4/12 + h**3 + h**2/2 - 3*h. Let s be j(-7). Suppose t - 5 = -3*r + 11, 2*r = -2*t + s. Determine p(r).
-1
Let x(n) = 10*n - 2. Suppose -l = -37 + 40. Let k(a) = 19*a - 3. Let i(f) = l*k(f) + 5*x(f). What is i(1)?
-8
Let p(b) = -b. Let i = -3 - -2. Let r be p(i). Let m(d) = d + d + r - d. Give m(-6).
-5
Let u(w) = -w**2 + 7*w - 2. Let b = -48 + 52. Let c be 7 - b/(8/2). Calculate u(c).
4
Let i(a) = 8*a + 6. Let s be 3/(3 - (-15)/(-3) - -1). Determine i(s).
-18
Let x(u) = u**2 - 4*u - 1. Suppose -3*r - w = -15, 10 + 8 = 5*r + 4*w. Give x(r).
11
Let y(f) = -3*f**2 + 1 + 313*f - 316*f + f**3 - 5. Give y(4).
0
Let r(t) = -t**2 - 9*t - 4. Let l(p) = p**2 - 9*p - 5. Let s(k) = 7*k + 2. Let v be s(1). Let b be l(v). Calculate r(b).
16
Let t(r) be the third derivative of -r**5/60 - 2*r**4/3 + 17*r**3/6 + 42*r**2 - 1. What is t(-17)?
0
Let i = -275 + 282. Let x(r) = -r**2 + 9*r - 13. Calculate x(i).
1
Let b(y) = 5*y**3 - 9*y**2 + 22*y + 10. Let r(n) = n**3 - 2*n**2 + 5*n + 2. Let q(d) = 2*b(d) - 9*r(d). What is q(-2)?
-4
Let r(t) = 17*t**2 + 19*t + 26. Let x(h) = -47*h**2 - 56*h - 77. Let v(b) = 11*r(b) + 4*x(b). Determine v(-14).
-8
Let j(q) = -q + 12. Let f = -556 - -572. What is j(f)?
-4
Suppose 3*d + 2 = 5. Let n(s) be the first derivative of -4*s**2 + s - 15. Give n(d).
-7
Let y be 3*3/(-3) + 2. Let k(u) = 6*u**3 - 3*u**2 - 9*u - 5. Let x(m) = m**3 - m - 1. Let h(r) = y*k(r) + 5*x(r). Calculate h(4).
0
Let o be (-1 + -3 + -28)*-1. Suppose -3*d - d = -o. Suppose d*i = 7*i. Let y(k) = k. Give y(i).
0
Let q(o) = o**3 + 8*o**2 - 5*o. Let w be q(-9). Let l = w + 57. Suppose -l + 6 = -3*d. Let b(v) = -v + 2. What is b(d)?
-3
Let t be -3 + 4 + 1 + 0. Suppose -t*v = -3 + 5. Let n(p) = -p + 1. Let o(z) = 3*z - 5. Let x(y) = v*n(y) - o(y). Calculate x(-3).
10
Let s(u) be the second derivative of -u**5/20 + 7*u**4/12 - u**3 - 3*u**2/2 - 37*u - 2. Suppose 5*q = q + 24. Give s(q).
-3
Let n = -100 - -44. Let o be 10/(-65) + n/(-26). Let r(h) = 3*h - 3*h - 1 + 2*h + 3*h**o. Give r(2).
15
Let o(l) = -l**3 - 7*l**2 - 10*l - 3. Let k be o(-4). Let q(i) = -2*i - 19. Let f be q(k). Let a(w) = -w + 3. What is a(f)?
0
Let v(h) = h + 23. Let a be v(-17). Let c be a/(-2)*(-11)/(-33). Let j(p) = -18*p**2 - p - 1. Calculate j(c).
-18
Let a(q) be the second derivative of -q**4/12 + q**3/3 - 7*q**2/2 + 27*q - 4. Give a(-4).
-31
Let u(k) = 3*k**2 + 12*k + 8. Let i(a) = 2*a**2 + 11*a + 7. Let n(m) = 4*i(m) - 3*u(m). What is n(8)?
4
Let h = -5 + 5. Suppose 5*c - 10 + 0 = h. Let o(a) = a**c + 2 + 0*a**2 - 3*a + 0*a**2 + 5*a. Determine o(-2).
2
Let v(i) = 2*i. Let z = 39 - 19. Let o(a) = -a**3 + 19*a**2 + 18*a + 28. Let k be o(z). Let b be (k/8)/((-3)/4). Determine v(b).
4
Let i be ((-9)/(-6))/((-27)/(-36)). Let q(u) = u - 1 + 5*u**2 - 5*u**i - 5*u**2 + 4*u**2. Determine q(3).
-7
Suppose -16 = -4*s - 4*c, -3*s - 17 = -3*c - 5. Let y(f) = 23 - 45 + 2*f**3 + s*f**3 + 23. Calculate y(1).
3
Let d be 16/((5 - -11)/(-8)). Let a(b) = b**2 + 5*b - 18. Determine a(d).
6
Suppose 7 = m - 0. Let s(w) be the third derivative of 1/12*w**4 + 41*w**2 - 2/3*w**3 + 0*w + 1. Determine s(m).
10
Let j(u) = -241*u**2 - 237*u**2 + 479*u**2 + 0*u - 3 - 3*u. Suppose 4*x + 4 = -4. What is j(x)?
7
Let i(v) = -1 - 5*v**2 - 10518*v + 10518*v. Let h be (-2)/(-7) - 116/14. Let l(j) = j**2 + 7*j - 7. Let d be l(h). Give i(d).
-6
Let z(i) be the first derivative of -i**2/2 + 6*i + 87. Calculate z(10).
-4
Suppose -4*s = 2*s + 24. Let d(h) be the second derivative of -h**4/4 + h**3 - h**2 - h. Let o(l) = 4*l**2 - 7*l + 2. Let f(y) = s*o(y) - 5*d(y). What is f(-4)?
-6
Let h(n) = -20*n**3 - 4*n**2 + 2. Let r(k) be the third derivative of k**6/12 + k**5/30 - k**3/6 - 3*k**2. Let m(y) = 2*h(y) + 5*r(y). Determine m(-1).
-9
Let h(l) = 33*l**3 - 2*l**2 + 1. Let y be -1 + 5 + 0 - (-1 - -6). What is h(y)?
-34
Let b(x) = 2405*x**3 + 1 + 4*x**2 + 4*x - 2404*x**3 - x + 1. Let y = -3 - -1. Determine b(y).
4
Let m(a) = -a**2 - 5*a + 1. Let b = -70 + 70. Let v(p) = p**3 - p**2 - p - 7. Let w be v(b). Calculate m(w).
-13
Let r(j) = -j**2 + 11*j - 6. Let q be r(7). Suppose -24*d = -q*d - 2. Suppose -2 - d = -i. Let y(n) = 5*n - 1. Calculate y(i).
14
Let r(v) = -2*v + 12. Suppose 752 = 8*f + 712. What is r(f)?
2
Suppose -12 = -2*u - t, 2*u - 6*u = 4*t - 24. Let m(g) be the first derivative of g**3/3 - 5*g**2/2 - 2*g + 1. Determine m(u).
4
Let i(h) = 8*h - 3. Let d be (-2 - 1) + 6*(-10)/(-15). Suppose 8*j - d = 23. Give i(j).
21
Let w(r) = 29*r + 10. Let o(n) = -49*n - 20. Let b(z) = 3*o(z) + 5*w(z). What is b(-9)?
8
Let t(n) = -n - 9. Let a(f) = f + 9. Let j(p) = 4*a(p) + 3*t(p). Calculate j(9).
18
Suppose -75 = -2*g + 11. Let k(x) = 2*x**2 - 46*x**3 + x - x**2 + g*x**3. Let z be (-2 - (-1 - 0))*1. Determine k(z).
3
Let o(n) be the third derivative of 7*n**4/24 + 3*n**2 + 5*n. Give o(2).
14
Let r(a) = a**2 + 5*a + 4. Let i be r(-5). Let x be (-1)/2 - (-30)/i. Let c(p) = 16422 + 0*p + p**2 - 16421 - 9*p. Determine c(x).
-13
Let s(u) = 2*u + 9. Let g = 298 - 304. Give s(g).
-3
Let z(y) = 2*y**2 - 8*y - 12. Let o be z(5). Let d(j) be the first derivative of -5*j**2 - 3. Determine d(o).
20
Let t = 15 - 8. Let h(v) = -26*v - 127. Let m be h(-5). Suppose 3*l = 3*u - m, 0*u + t = -2*u + 5*l. Let k(w) = w**2 - w - 5. Calculate k(u).
7
Let r(t) = t**2 - 16*t + 12. Suppose 0 = -5*o - 2*b + 90, 0 = -5*o + 4*b + 98 - 38. What is r(o)?
12
Suppose 3*y = -2*a - 0*a + 8, -3*y + 4*a + 20 = 0. Let i(w) = -4*w + 5. Determine i(y).
-11
Let k(r) = -r**3 - r**2 + 1. Let y(g) = -5*g**3 - 2*g**2 - g + 7. Let j(q) = -4*k(q) + y(q). Give j(2).
1
Suppose 0 = -2*y - 2*j - 2 + 4, 3*y - 2 = -4*j. Let d be y/(1/((-4)/8)). Let w(r) be the first derivative of -6*r**2 - r + 7. Determine w(d).
11
Let d be 1 + -4 + 16 - 0. Suppose -v - 5*m + 16 = 0, -5*m = -v - 11 - d. Let q(j) = -j**3 - 4*j**2 + 2*j + 2. Calculate q(v).
-6
Let y(g) = g - 10. Suppose -n + 2*b - 72 - 7 = 0, 0 = 3*n - 2*b + 249. Let u = 92 + n. Calculate y(u).
-3
Let y(a) = 2*a*